*y(x). Calculate t(j).
-13
Let s(a) = 2*a. Let h(p) = 6*p + 3. Let r(b) = 10*b + 6. Let c(o) = -11*h(o) + 6*r(o). Let l(v) = -c(v) - 6*s(v). Calculate l(4).
-27
Let z(d) = d**3 + 34*d**2 + 238*d - 44. Let f be z(-24). Let v(i) = i**3 - 2*i**2 - 9*i + 3. Give v(f).
-1
Let i(p) = p**3 + 48*p**2 + 46*p - 40. Let o be i(-47). Let z(u) be the first derivative of -4*u**2 - 12 + 7*u + 1/3*u**3. What is z(o)?
0
Let p(t) = 29*t + 4*t**2 - 1183 - 15*t**2 - 15*t + 1155 + t**3. What is p(10)?
12
Let o(g) = 2*g**3 - 23*g**2 + 115. Let p = 12620 + -12609. Determine o(p).
-6
Let p(n) = -6*n - 6*n + 2 + n + 8*n. Let b = -205 - -204. Determine p(b).
5
Let y(w) be the second derivative of w**5/20 + 17*w**2/2 - w. Let c(t) = 3*t + 42. Let u be (9/(-81)*-6)/(1/(-21)). Let f be c(u). Determine y(f).
17
Let n(x) = -3*x + 8*x + 1 + 1475*x**2 - 1474*x**2 - 6 + 7*x. Calculate n(-12).
-5
Suppose 0 = -14*u - 10 + 10. Let n(h) = 4*h**2 - 2*h - 4. Let f(i) = -7*i**2 + 3*i + 9. Let c(j) = -3*f(j) - 5*n(j). Give c(u).
-7
Suppose 16*l = 1165 + 4211. Let d = 342 - l. Let a(o) = o**2 - 7*o + 11. Determine a(d).
5
Let b(n) = -n**3 - 110*n**2 - 2856*n - 12. Let h be b(-68). Let v(g) = 6*g + 62. Calculate v(h).
-10
Let r(p) = -17*p**2 + 119*p + 6. Let b(a) = 3*a**2 - 23*a - 1. Let k(o) = 11*b(o) + 2*r(o). Calculate k(-14).
15
Let f = 432 - 427. Let a = 3 + f. Let k(h) = -h**2 + 1 + 5*h + 5 + 3*h. Calculate k(a).
6
Suppose 1132 = 15*a + 247. Suppose a - 82 = 23*g. Let l(k) = k**2 + 1. Give l(g).
2
Let v be (11 - -1) + 12 + -13. Let w(c) be the second derivative of c**4/12 - 11*c**3/6 - 2*c**2 - 9*c. Give w(v).
-4
Let v(q) = 8*q + 24. Suppose 73*w - 69*w = -49*w - 75*w. Determine v(w).
24
Let p(a) be the first derivative of -a**3/3 - 9*a**2/2 + 3*a + 21. Suppose 11*w = 820 - 875. Give p(w).
23
Let j(a) = a**3 - 10*a**2 - 19*a - 2. Let w(y) = y**3 - 11*y**2 - 24*y - 2. Let s(n) = 6*j(n) - 5*w(n). What is s(4)?
6
Let f(v) = -5*v**2 + 6*v**2 - 2*v + 3*v**2. Let b(q) = -q**3 - 4*q**2 + 10*q + 5. Let h be b(-5). Let d = h - -22. Calculate f(d).
12
Suppose 374*k = 105 - 853. Let c(o) = -12*o - 35. Determine c(k).
-11
Let p(d) = -d**2 + 3*d - 3. Suppose 342 = 5*x + 317. Suppose x*m = -32 + 47. What is p(m)?
-3
Suppose -r + 0 = -8. Let w be 1*20/(-30)*(-6)/4. Let z(s) = s + 1. Let f(p) = -4*p + 3. Let u(g) = w*f(g) + 3*z(g). What is u(r)?
-2
Let t(h) = h**3 - 2*h - 1. Let m(b) = 5*b**3 + b**2 - 10*b - 5. Let w(i) = -3*i + 85. Let s be w(29). Let o(q) = s*m(q) + 11*t(q). Give o(3).
2
Let d(h) = h - 9. Let c(m) = 4*m - 17. Let q(u) = -2*c(u) + 5*d(u). Let j(w) = 6*w + 20. Let v(b) = -5*j(b) - 9*q(b). Suppose 0 + 5 = -5*g. Calculate v(g).
2
Suppose 2*z = 17*w - 14*w - 13, z = 3*w - 2. Let l(f) be the first derivative of -f**4/4 - 4*f**3 - 11*f**2/2 - 15*f + 83. Determine l(z).
-15
Let n(c) = -4*c**3 + 52*c**2 + 5*c - 62. Let q be n(13). Let j(s) = s**3 - s**2 - 8*s + 19. Calculate j(q).
13
Let b(z) = -2*z**2 + z + 1. Suppose 0 = -5*h - 10, 2*h - h - 1 = -3*r. Determine b(r).
0
Let o = 18210 - 18234. Let h(q) = 3*q - 56. What is h(o)?
-128
Let g(m) be the third derivative of m**5/30 - m**3/2 + 90*m**2 - 23*m - 2. Suppose 2*b = -3*b + 20. Calculate g(b).
29
Suppose 2*n = 3*n - 6. Let s(u) = 134*u - 11 + 119*u + 121*u + 2 - 372*u. Determine s(n).
3
Let s(x) be the second derivative of -5*x**4/12 + x**3/3 + 7*x**2 - 135*x. Let t(q) = -11*q**2 + 3*q + 30. Let b(c) = -9*s(c) + 4*t(c). Calculate b(8).
10
Let k(q) be the third derivative of q**5/60 - q**4/8 - q**3/6 - 2*q**2. Let g = 125 - 106. Suppose 0 = -8*w + 5 + g. Determine k(w).
-1
Let f(r) = 41*r + 103. Let u(b) = 9*b + 24. Let t(i) = -4*f(i) + 18*u(i). Calculate t(8).
4
Let w(s) be the second derivative of -5*s**3/3 - 121*s**2/2 - 8774*s. Calculate w(-11).
-11
Let n(o) be the first derivative of o**5/20 - o**4/12 + 179*o**3/3 - 108. Let l(h) be the third derivative of n(h). Determine l(-1).
-8
Let n(a) be the first derivative of 2*a**2 + 26*a - 2394. Calculate n(6).
50
Let y(t) = -694 - 648 - 8*t + 3*t**3 - t**3 - 29*t**2 + 1377. Give y(15).
140
Let d(z) = z**3 + 12*z**2 - 19*z - 73. Let i be ((-67)/6 - (-795)/(-954)) + -1. Calculate d(i).
5
Let d(l) be the third derivative of l**7/1008 + 3*l**5/5 - l**3/2 - 130*l**2. Let c(y) be the third derivative of d(y). Give c(1).
5
Let t(d) be the third derivative of -6*d**2 - 1/6*d**3 - 11 + 0*d - 7/24*d**4. Calculate t(-1).
6
Let g(r) be the third derivative of -r**6/360 - r**5/30 + r**4/8 + 17*r**3/3 + 75*r**2. Let j(m) be the first derivative of g(m). What is j(-3)?
6
Let i(t) = -34*t + 74*t - 7 - 36*t. What is i(3)?
5
Let g(t) be the first derivative of -22 - 2*t + 2*t**2 - t - 69 - 2*t**3 - 134. Let z be (3/(-2))/((-6)/8). Give g(z).
-19
Let c(l) be the first derivative of -l**3/3 + 4*l**2 + 11*l + 18. Let d be c(9). Let h(k) = k**2 - 4*k + 2*k**3 + 0*k**3 - k**3 + d*k**2. What is h(-4)?
0
Let n = 25595 + -25599. Let v(l) = l**3 + 5*l**2 - 6. Calculate v(n).
10
Let n(i) = i**2 - 16*i + 6. Let u(r) be the second derivative of r**4/12 - 17*r**3/6 + 3*r**2 + 2*r - 2. Let z(m) = -5*n(m) + 4*u(m). Determine z(12).
-6
Let f(i) be the second derivative of i**5/30 - 5*i**4/24 - i**3/2 - i**2/2 - 43*i. Let v(y) be the first derivative of f(y). Give v(4).
9
Suppose -8 = -u - 3. Suppose u*o = p, -5*o - 2*p = -3*o - 12. Let k be -3 + 3 + -1 - (-1 + o). Let d(v) = -22*v - 1. What is d(k)?
21
Suppose 4*i - 107 = -5*o, 96 = 5*o + 3*i - 8. Suppose -1 = -5*x + o. Suppose -5*m + 10 = 5*p, -x*m + 1 = p + 2. Let h(u) = -16*u**3 - 1. Give h(m).
15
Suppose 0 = -371*p + 365*p + 30. Suppose p*t = r + 6*t - 4, -9 = -2*r - 3*t. Let i(b) = -b**3 + 4*b**2 - 4*b + 2. What is i(r)?
-1
Let a(t) = -3*t**3 + 2*t - 4 - 6*t + 8*t - 1 + 2*t. What is a(3)?
-68
Let k(n) = 23*n + n**2 + 16*n - 22 + 19*n + 7*n - 59*n. Give k(-10).
18
Suppose 2*s - 7 = -3*f, -4*s + 3 - 4 = f. Let n be -2*(f + 0 + -2). Let g be 4*n/(-12)*-3. Let x(c) = 6*c**2 + 2*c - 1. Determine x(g).
19
Suppose 4*y + w = 65, -y + 3*y - 3*w - 29 = 0. Suppose -4 + y = 3*r. Let s(u) = 3*u - 5. Determine s(r).
7
Suppose 31*w = 26*w + 210. Suppose -4*z = w - 22. Let v(h) = -h**2 - 9*h - 11. Calculate v(z).
9
Suppose -8*a = -6*a + 2, -l + a + 3 = 0. Let p = l - 2. Suppose 4*q - 3*w + 8*w - 33 = p, -q + 17 = 3*w. Let z(u) = -u**3 + 3*u**2 + 2*u - 2. Calculate z(q).
6
Let i(k) = -6*k**2. Suppose -6*s + s = 4*l - 36, 3*l - 2*s = 50. Suppose 4*a = l - 18. Determine i(a).
-6
Let q(g) = g**3 - 20*g**2 - 18*g - 57. Let t be 119/(-34)*(-6)/1. Calculate q(t).
6
Let c(a) = 2*a + 8. Let v(d) = -d**2 + 84*d + 71. Let g be v(85). Calculate c(g).
-20
Let o = 109 - 104. Let j(y) = -y**2. Let g(h) = -h**2 - 5*h - 6. Let l(f) = -f**2 - 10*f + 22. Let v be l(-12). Let i(p) = v*j(p) + g(p). What is i(o)?
-6
Let w(u) = 8*u + 24. Let g be w(-5). Let m(s) = -s**3 - 15*s**2 + 17*s + 21. Let p be m(g). Let a(z) = -3*z**2 + 8*z**2 - 2 - 4*z**2 + p*z. What is a(-4)?
-6
Let r = -12 - -21. Let v be 6/r + 12/9. Suppose -2*w = 5*t - v, 7*w = 2*w - 4*t + 5. Let x(z) = -4*z**3 + 2*z**2 - 1. What is x(w)?
-3
Let o be 2/(32/(-4)) + 629/4. Let y = o + -154. Let d(b) = b**2 - 3*b + 1. What is d(y)?
1
Let d(l) = l**2 - 3*l + 6. Let s be 20/9 + -2 + 297180/(-1053). Let r be (-2 - -12)*(-9 + s/(-30)). Determine d(r).
10
Let z be 36/((-18)/3) + 9 + -7. Let d(q) = q + 10. Let w be d(-8). Let u(v) = 3 - 2 - w - 3*v - v**2. Determine u(z).
-5
Let c(k) be the first derivative of 2*k**3/3 + 2*k**2 - 4*k - 3198. Let q(t) = -t**3 + 8*t**2 + 4. Let a be q(8). Give c(a).
44
Let w(b) be the second derivative of 0 + 1/6*b**3 + 11/2*b**2 - 10*b. Determine w(-8).
3
Let a(b) = -b**3 + b**2 + 3*b + 5. Let p = -3769 + 3767. Determine a(p).
11
Let p(l) = 122*l + 45. Let m(b) = -75*b - 29. Let q(i) = 8*m(i) + 5*p(i). Determine q(3).
23
Let k(x) = x**2 + x + 1. Let j(u) = u - 2. Suppose 2*c + s + 1 = -3, -c + 9 = -5*s. Let q(r) = c*j(r) - 4*k(r). Calculate q(-3).
-23
Let w(n) be the second derivative of 20*n**3/3 + 199*n**2 + 4377*n. Give w(-10).
-2
Let g(r) be the first derivative of r**4/4 + 22*r**3/3 + r + 20. Let x be g(-22). Let v(k) = 7*k**3 - 2 - 8*k**3 + k**2 + x - k. Give v(2).
-7
Let r(d) = 2*d**2 + 56*d + 199. Let m be 12/18 + 102/9 + -5 + -31. What is r(m)?
7
Let n(s) = s**3 + 6*s**2 + 6*s + 10. Suppose -40*y + 6*y